is v(18)?
-56
Let b(d) = -3*d**2 + 2*d - 5. Calculate b(4).
-45
Let k(z) = -37*z + 339. Determine k(9).
6
Let f(q) = 2*q - 8. What is f(0)?
-8
Let f(a) = a + 7. Calculate f(10).
17
Let x(l) = -l**3 - 25*l**2 - 24*l - 10. Determine x(-24).
-10
Let p(b) = b**2 - 14*b + 56. Give p(16).
88
Let o(q) = -q**3 - 6*q**2 + 3. What is o(-6)?
3
Let f(d) = -d**2 + 13*d + 14. What is f(14)?
0
Let k(y) = -2*y + 29. Calculate k(14).
1
Let m(x) = x**3 - 3*x**2 - x - 4. Determine m(-4).
-112
Let s(d) = 2*d**2 - 119*d - 49. Give s(60).
11
Let l(h) = h**2 + 22*h + 16. Give l(-21).
-5
Let d(j) = -2*j**2 + 5*j + 1. Calculate d(4).
-11
Let p(r) = -26*r + 22. Give p(1).
-4
Let g(o) = o**3 - 9*o**2 + 25*o - 133. Calculate g(8).
3
Let b(q) = q**3 + 6*q**2 - 11*q - 8. Determine b(-7).
20
Let l(x) = x**3 - 25*x**2 + 26*x - 11. Determine l(24).
37
Let q(h) = -5*h - 43. Calculate q(6).
-73
Let f(u) = u**3 + 5*u**2 - 26*u + 2. Determine f(-8).
18
Let g(c) = c**2 + 7*c - 4. Calculate g(-7).
-4
Let l(o) = 26*o - 91. Determine l(4).
13
Let a(b) = 6*b - 96. Calculate a(18).
12
Let y(n) = 2*n - 28. Determine y(12).
-4
Let y(o) = -o**3 - 14*o**2 - 15*o - 22. Give y(-13).
4
Let g(s) = 79*s**2 + 8*s - 5. Determine g(1).
82
Let y(g) = 2*g**2 + 11*g - 41. Calculate y(-8).
-1
Let j(d) = d**3 - 2*d**2 - 5*d + 3. Calculate j(3).
-3
Let m(y) = y**3 + y**2 - y - 11. Give m(0).
-11
Let o(s) = -s - 17. Calculate o(-15).
-2
Let t(p) = -2*p - 20. Give t(0).
-20
Let h(v) = v**3 + 6*v**2 + 5*v - 7. Calculate h(-5).
-7
Let q(y) = -2*y**3 - 15*y**2 - 7*y - 121. Calculate q(-8).
-1
Let z(j) = -j**3 - 4*j**2 - 2*j + 1. Give z(-3).
-2
Let n(q) = 2*q**2 - q. Calculate n(2).
6
Let p(d) = d**2 + 8*d + 6. Determine p(-10).
26
Let y(z) = 13*z - 43. Give y(3).
-4
Let o(n) = -n**3 + 8*n**2 - 6*n - 17. Calculate o(7).
-10
Let l(h) = -h**2 - 8*h + 22. What is l(-9)?
13
Let s(q) = -q**2 - 16*q + 18. Give s(-16).
18
Let h(y) = y**2 - 24*y + 144. Determine h(12).
0
Let z(b) = -b**3 - 10*b**2 + 2. Calculate z(-10).
2
Let x(k) = -k**2 - 14*k - 8. Determine x(-12).
16
Let u(s) = 3*s - 18. Calculate u(3).
-9
Let b(p) = p**3 - 9*p**2 + p - 8. Give b(9).
1
Let h(z) = 8*z - 212. Calculate h(33).
52
Let j(n) = 2*n**2 + 3*n + 3. Determine j(3).
30
Let d(v) = v - 30. Give d(-16).
-46
Let z(c) = 3*c**3 + c**2 - 4*c + 3. Calculate z(1).
3
Let v(j) = j**2 - 2*j - 8. Calculate v(5).
7
Let f(k) = 3*k - 17. What is f(4)?
-5
Let p(m) = m**3 + 26*m**2 + 69*m + 5. Calculate p(-23).
5
Let p(o) = -4*o + 28. Calculate p(12).
-20
Let g(w) = -w + 14. What is g(8)?
6
Let n(x) = -13*x - 4. Give n(-4).
48
Let d(k) = k**3 + 3*k**2 - 8*k + 3. What is d(-3)?
27
Let b(p) = -p**2 + 6*p + 3. Give b(3).
12
Let x(r) = -3*r - 13. Determine x(-4).
-1
Let q(m) = m**2 - 6*m + 15. Give q(6).
15
Let u(b) = 13*b**3 - 3*b**2 + b - 3. Determine u(1).
8
Let o(r) = r**2 + 10*r + 22. What is o(-8)?
6
Let p(a) = 10*a**3 + 4*a**2 + 7*a + 3. Calculate p(-1).
-10
Let h(u) = u**3 - 17*u**2 + 6*u - 3. Determine h(17).
99
Let a(f) = f**2 + 8*f. What is a(-7)?
-7
Let u(p) = -p**3 + 4*p**2 + 3*p + 4. What is u(3)?
22
Let j(n) = -n**3 - 10*n**2 - n + 3. Give j(-10).
13
Let t(y) = 2*y**3 - 2*y**2 + y. Give t(2).
10
Let s(k) = -k**3 - 12*k**2 + k + 3. Determine s(-12).
-9
Let h(n) = -6*n + 8. Give h(5).
-22
Let x(s) = s**3 - 13*s**2 + 43*s + 10. Calculate x(7).
17
Let t(g) = 3*g**2 + 3*g - 2. What is t(-4)?
34
Let p(m) = -m**3 - 7*m**2 + 2*m + 14. What is p(-7)?
0
Let n(z) = -2*z**3 + 3*z**2 - 11*z + 4. What is n(4)?
-120
Let a(d) = -7*d**2 + 2*d + 1. Determine a(-1).
-8
Let l(b) = 4*b**3 + 4*b**2 + 4*b + 2. Determine l(-2).
-22
Let l(w) = -w**3 - 25*w**2 + 86*w + 50. What is l(-28)?
-6
Let w(r) = -10*r + 36. What is w(4)?
-4
Let m(r) = 26*r - 322. What is m(13)?
16
Let i(j) = j - 2. Calculate i(6).
4
Let f(m) = m. What is f(-2)?
-2
Let k(c) = -c**2 - 2*c + 5. What is k(-4)?
-3
Let f(g) = 8*g - 153. What is f(7)?
-97
Let r(c) = 2*c**3 - 10*c**2 + 7*c + 2. Give r(6).
116
Let i(z) = z**3 + 12*z**2 - 12*z + 16. Determine i(-13).
3
Let l(h) = h + 6. Calculate l(-6).
0
Let v(g) = 6*g + 5. Calculate v(5).
35
Let t(y) = -y**3 - y**2 + 2*y. What is t(-1)?
-2
Let q(r) = -r**3 - 8*r**2 - 5*r - 34. What is q(-8)?
6
Let k(b) = b**3 + b**2 - 2*b + 7. Determine k(0).
7
Let u(h) = -h**3 - 3*h**2 + 13*h + 17. Determine u(-7).
122
Let s(t) = 5*t + 70. Determine s(-16).
-10
Let a(r) = -r - 9. Determine a(0).
-9
Let v(l) = -12*l + 79. Determine v(7).
-5
Let j(r) = -r + 32. Give j(-15).
47
Let f(d) = -11*d - 108. Determine f(-10).
2
Let x(m) = m**2 - 29*m - 8. What is x(29)?
-8
Let w(q) = 4*q. What is w(1)?
4
Let r(x) = 14*x + 1. Calculate r(-6).
-83
Let g(u) = 4*u - 5. What is g(5)?
15
Let n(c) = 5*c - 36. Give n(6).
-6
Let l(h) = 2*h**2 + 13*h + 16. What is l(-7)?
23
Let d(g) = -g**3 + 8*g**2 + 11*g - 9. Calculate d(9).
9
Let b(f) = -9*f - 7. Calculate b(-6).
47
Let i(x) = 104*x**3 - 2*x**2 + 2*x - 1. What is i(1)?
103
Let f(d) = d**2 - 27*d + 25. Give f(27).
25
Let y(x) = 2*x**2 - 17*x - 48. Calculate y(11).
7
Let c(i) = -i**3 - 8*i**2 + 10*i + 4. Determine c(-9).
-5
Let a(c) = -9*c + 2. Give a(-1).
11
Let r(k) = k**2 + 4*k - 5. Give r(-4).
-5
Let g(i) = -i**3 - 8*i**2 - 7*i - 4. Calculate g(-6).
-34
Let n(c) = -2*c**2 + 4*c + 14. Determine n(-5).
-56
Let w(t) = 12*t + 504. Calculate w(-42).
0
Let y(d) = -2*d**3 + 3*d**2 + 3*d + 2. Give y(3).
-16
Let c(s) = -s**2 - 15*s - 42. Calculate c(-10).
8
Let b(k) = -k**2 - k - 1. Determine b(0).
-1
Let l(p) = -2*p + 36. Determine l(19).
-2
Let i(z) = -z**3 + z**2 - 3*z - 4. What is i(0)?
-4
Let o(s) = 10*s - 5. Give o(3).
25
Let g(x) = -2*x**2 - 22*x - 15. Determine g(-10).
5
Let o(d) = -4*d - 6. Give o(-5).
14
Let w(l) = -l + 3. Give w(9).
-6
Let q(w) = 21*w + 6. What is q(2)?
48
Let h(l) = l - 8. Calculate h(-3).
-11
Let q(x) = 54*x - 1191. Calculate q(22).
-3
Let z(f) = f - 27. Give z(11).
-16
Let d(r) = r**2 + 22*r - 17. What is d(-23)?
6
Let v(y) = 13*y - 52. Determine v(4).
0
Let q(u) = 12*u - 450. What is q(38)?
6
Let x(u) = u**2 + 5*u - 28. Determine x(-8).
-4
Let i(y) = 21*y + 189. Determine i(-10).
-21
Let i(r) = -r**3 + 5*r**2 + 7*r - 22. Determine i(4).
22
Let i(h) = h**2 + 11*h + 8. Calculate i(-7).
-20
Let w(v) = -10*v + 11. Calculate w(2).
-9
Let o(b) = 2*b**3 - 7*b**2 - 4*b - 12. What is o(4)?
-12
Let o(j) = -j**2 + j + 47. Determine o(7).
5
Let c(f) = 5*f + 177. Determine c(-29).
32
Let l(a) = -5*a**2 + 185*a - 20. Determine l(37).
-20
Let f(k) = -12*k. Calculate f(-2).
24
Let d(n) = -4*n**3 + 2*n**2 + n + 3. Calculate d(-2).
41
Let v(o) = o**3 - o**2 - 12. What is v(3)?
6
Let c(b) = -b**3 - 24*b**2 + 110*b - 59. What is c(-28)?
-3
Let t(a) = a**3 - 12*a**2 + 16*a - 10. Give t(10).
-50
Let p(x) = x**2 - 19*x + 77. Calculate p(4).
17
Let h(x) = -2*x**2 - 127*x - 69. What is h(-63)?
-6
Let j(t) = -t**2 + t + 41. Give j(0).
41
Let c(q) = -4*q**2 - 29*q - 13. Determine c(-7).
-6
Let z(v) = -6*v - 5. Give z(-2).
7
Let a(n) = n - 6. Give a(8).
2
Let w(g) = 7*g - 4. Determine w(-4).
-32
Let w(b) = b**2 - b. Give w(2).
2
Let b(u) = -u**3 + 7*u**2 + 4*u - 2. Determine b(8).
-34
Let r(s) = -26*s**2 - 9*s - 7. Calculate r(-1).
-24
Let c(v) = -v**3 + 2*v**2 + 2*v - 3. What is c(2)?
1
Let t(c) = 4*c + 53. What is t(-10)?
13
Let k(h) = 15*h - 271. Calculate k(18).
-1
Let w(a) = -15*a**3 + 1. What is w(1)?
-14
Let m(f) = 4*f**3 - f**2 + 1. Calculate m(-1).
-4
Let t(h) = 4*h + 21. Calculate t(5).
41
Let b(d) = -d**3 - 6*d**2 - d - 1. Determine b(-6).
5
Let s(v) = 3*v + 20. What is s(0)?
20
Let j(a) = 2*a**2 + 4*a - 10. Determine j(-6).
38
Let x(p) = -p**2 - 5*p + 16. Calculate x(-7).
2
Let a(h) = -h**3 + 9*h**2 + 25*h - 34. Calculate a(11).
-1
Let u(l) = -24*l - 33. Determine u(-9).
183
Let j(c) = -15*c - 3. Give j(3).
-48
Let s(u) = -u**2 + 4*u + 4. Calculate s(5).
-1
Let j(b) = b**3 + 12*b**2 + 12*b + 15. Determine j(-11).
4
Let v(k) = -k**2 - 21*k + 22. Determine v(-22).
0
Let t(o) = o**2 - 8*o - 4. Determine t(6).
-16
Let r(z) = -z**2 - 18*z + 167. Determine r(7).
-8
Let f(o) = -18*o - 5. What is f(-2)?
31
Let t(z) = -z**2 + 14*z + 320. Calculate t(26).
8
Let a(m) = 3*m**3 + 6*m**2 - 12*m - 6. Give a(-3).
3
Let d(r) = r**2 - 10*r - 5. Calculate d(5).
-30
Let n(z) = 2*z - 36. Give n(10).
-16
Let z(h) = -9*h - 2. Calculate z(-7).
61
Let